{"id":727,"date":"2018-09-16T12:55:16","date_gmt":"2018-09-16T10:55:16","guid":{"rendered":"http:\/\/www.luleamakerspace.se\/?page_id=727"},"modified":"2020-05-17T10:23:14","modified_gmt":"2020-05-17T08:23:14","slug":"dataspel-skapade-i-spacet","status":"publish","type":"page","link":"https:\/\/www.luleamakerspace.se\/?page_id=727","title":{"rendered":"Dataspel"},"content":{"rendered":"\n<p class=\"wp-block-paragraph\">Spel som \u00e4r skapade p\u00e5 spacet, eller av medlemmar visas h\u00e4r! Om du ocks\u00e5 \u00e4r intresserad av att skapa spel s\u00e5 brukar vi tr\u00e4ffas tisdagar 18.30-21.00, inga f\u00f6rkunskaper \u00e4r n\u00f6dv\u00e4ndiga. Se <a href=\"\/\">framsidan<\/a> f\u00f6r den mest aktuella informationen. <\/p>\n\n\n\n<p class=\"wp-block-paragraph\">OBS under pandemin k\u00f6r vi online 1800-2100 varje tisdag. Mer info <a href=\"\/?p=1156\">h\u00e4r<\/a>.<br><\/p>\n\n\n\n<h3 class=\"wp-block-heading\"><a href=\"https:\/\/projekt.luleamakerspace.se\">Makerspace Projekt &#8211; klicka h\u00e4r!<\/a><\/h3>\n\n\n\n<p class=\"wp-block-paragraph\">Missa inte v\u00e5r sida med <a href=\"\/?page_id=1175\">instruktionsfilmer<\/a> ocks\u00e5. <\/p>\n","protected":false},"excerpt":{"rendered":"<p>Spel som \u00e4r skapade p\u00e5 spacet, eller av medlemmar visas h\u00e4r! Om du ocks\u00e5 \u00e4r intresserad av att skapa spel s\u00e5 brukar vi tr\u00e4ffas tisdagar 18.30-21.00, inga f\u00f6rkunskaper \u00e4r n\u00f6dv\u00e4ndiga. Se framsidan f\u00f6r den mest aktuella informationen. OBS under pandemin k\u00f6r vi online 1800-2100 varje tisdag. Mer info h\u00e4r. Makerspace Projekt &#8211; klicka h\u00e4r! Missa &hellip; <a href=\"https:\/\/www.luleamakerspace.se\/?page_id=727\" class=\"more-link\">Forts\u00e4tt l\u00e4sa <span class=\"screen-reader-text\">Dataspel<\/span> <span class=\"meta-nav\">&rarr;<\/span><\/a><\/p>\n","protected":false},"author":1,"featured_media":0,"parent":0,"menu_order":3,"comment_status":"closed","ping_status":"closed","template":"","meta":{"_crdt_document":"","footnotes":""},"class_list":["post-727","page","type-page","status-publish","hentry"],"_links":{"self":[{"href":"https:\/\/www.luleamakerspace.se\/index.php?rest_route=\/wp\/v2\/pages\/727","targetHints":{"allow":["GET"]}}],"collection":[{"href":"https:\/\/www.luleamakerspace.se\/index.php?rest_route=\/wp\/v2\/pages"}],"about":[{"href":"https:\/\/www.luleamakerspace.se\/index.php?rest_route=\/wp\/v2\/types\/page"}],"author":[{"embeddable":true,"href":"https:\/\/www.luleamakerspace.se\/index.php?rest_route=\/wp\/v2\/users\/1"}],"replies":[{"embeddable":true,"href":"https:\/\/www.luleamakerspace.se\/index.php?rest_route=%2Fwp%2Fv2%2Fcomments&post=727"}],"version-history":[{"count":0,"href":"https:\/\/www.luleamakerspace.se\/index.php?rest_route=\/wp\/v2\/pages\/727\/revisions"}],"wp:attachment":[{"href":"https:\/\/www.luleamakerspace.se\/index.php?rest_route=%2Fwp%2Fv2%2Fmedia&parent=727"}],"curies":[{"name":"wp","href":"https:\/\/api.w.org\/{rel}","templated":true}]}}